
What is 8086113 (base 10) in base 4?
132312021201
Convert b025ab (base 14) to base 16.
5a5f7b
4572627 (base 10) to base 3
22121022110120
131212024 (base 5) to base 14
12c0cc
598087 (base 13) to base 15
2c1701
-525b51 (base 14) to base 5
-1203010044
Convert 1201210210022 (base 3) to base 12.
3851b2
What is -40441244 (base 5) in base 12?
-139783
-30231312102 (base 4) to base 3
-20021100201210
Convert 4a5796 (base 12) to base 2.
100101000000000100010
What is 2110020120100 (base 3) in base 10?
1303866
Convert -adcd4 (base 14) to base 15.
-85230
What is -21303435 (base 6) in base 15?
-c6ceb
-10005230 (base 6) to base 16
-44a12
What is 102001220121 (base 3) in base 5?
23433111
What is 2204b (base 14) in base 5?
10114022
What is -132210130203 (base 4) in base 11?
-4583814
-25261 (base 9) to base 2
-100001001011000
Convert 59bba3 (base 12) to base 6.
51035523
-100210021120212 (base 3) to base 2
-10011110101111110110011
What is 11120020110112 (base 3) in base 6?
123554105
What is -1b650a (base 12) in base 6?
-14243214
Convert -1212002112 (base 3) to base 10.
-36518
Convert 451555012 (base 6) to base 5.
4100224443
Convert -37c72 (base 13) to base 14.
-29863
Convert -2100320424 (base 5) to base 13.
-b7a8ac
Convert -2bd84 (base 14) to base 3.
-12120110020
Convert 536640 (base 7) to base 2.
10110110110110010
What is -262281 (base 10) in base 14?
-6b825
What is 5617a8 (base 12) in base 5?
322341230
Convert 35986 (base 12) to base 14.
1c486
What is 76161 (base 11) in base 4?
123001011
-268413 (base 15) to base 9
-3430260
Convert -242527 (base 9) to base 2.
-100011101100110110
Convert -2477420 (base 9) to base 5.
-321203300
What is -1065803 (base 10) in base 9?
-2004005
What is -103002010322 (base 4) in base 9?
-10343852
What is 2708b82 (base 12) in base 15?
a2a268
Convert 2365536 (base 7) to base 10.
302112
What is -29cba (base 14) in base 15?
-20c64
What is 2686404 (base 9) in base 6?
51333434
What is 1110010111011010111011 (base 2) in base 11?
2142459
What is 2b238 (base 12) in base 2?
1110110110001100
-110a43 (base 11) to base 13
-62706
What is 1412324441 (base 5) in base 12?
1274386
-2b758 (base 14) to base 3
-12111210021
Convert 21386180 (base 9) to base 11.
5917270
What is 5b1c17 (base 13) in base 16?
212fa1
120011030 (base 4) to base 16
1814c
-94719 (base 16) to base 9
-1126043
What is -461631 (base 8) in base 14?
-410b7
-706902 (base 10) to base 7
-6002640
What is -53a802 (base 12) in base 2?
-101000011011100000010
1303167 (base 14) to base 15
c0b86c
Convert -1000111111022 (base 3) to base 9.
-1014438
3a044b (base 15) to base 5
1203112341
48d4de (base 15) to base 16
3536fc
110143533 (base 6) to base 4
13201301301
1014031 (base 7) to base 2
11101101001100100
What is 26322606 (base 8) in base 13?
12a91a1
3184576 (base 10) to base 8
14113700
-1b9ee (base 15) to base 2
-10101111110001111
What is 8488275 (base 9) in base 3?
22112222022112
Convert -12532502 (base 7) to base 13.
-313b95
Convert -3143033 (base 6) to base 3.
-21210200210
12338160 (base 9) to base 10
6048648
Convert -457813 (base 9) to base 6.
-5520020
Convert -36456 (base 12) to base 7.
-423315
Convert 4651 (base 12) to base 5.
222322
What is -86e512 (base 16) in base 11?
-4a98a78
What is 738587 (base 9) in base 2?
1101011010000101110
What is 102013221 (base 4) in base 6?
1331333
Convert -11020222024 (base 5) to base 2.
-101101010101000100001100
What is -227288 (base 14) in base 6?
-41042504
Convert 6b7bb (base 13) to base 10.
196870
What is -3333656 (base 7) in base 3?
-202221001212
What is 189442 (base 14) in base 11?
545187
Convert a28222 (base 12) to base 16.
26d13a
-2240321133 (base 5) to base 15
-68ea2d
What is -45442343 (base 6) in base 12?
-5703b3
-223010032313 (base 4) to base 10
-11289527
-216331 (base 8) to base 11
-4a872
What is a2e23 (base 15) in base 2?
1111110000001010111
What is 269b17 (base 13) in base 7?
10644465
What is -18b80b6 (base 14) in base 10?
-12276816
-1521240 (base 6) to base 16
-15978
-172826 (base 10) to base 2
-101010001100011010
222828 (base 15) to base 7
16562033
Convert -1100000100010010010000 (base 2) to base 10.
-3163280
What is b1753 (base 13) in base 3?
121010200200
Convert 2a19726 (base 11) to base 2.
10011110000111011000111
Convert -bdea (base 16) to base 7.
-261513
What is 174331 (base 11) in base 14?
701ab
What is -234987 (base 10) in base 4?
-321113223
What is -4cc306 (base 13) in base 8?
-7046475
Convert 28156 (base 11) to base 2.
1001110010110000
What is -3b9b4 (base 12) in base 6?
-1434344
Convert 837385 (base 15) to base 14.
b8a256
Convert 221010103 (base 4) to base 12.
81417
-d997 (base 15) to base 12
-2278a
121504051 (base 7) to base 14
10231d1
52c0b (base 13) to base 11
a2141
What is 100a5 (base 15) in base 8?
143134
Convert 222122100 (base 4) to base 8.
523220
Convert 101936 (base 12) to base 8.
753772
Convert 41003130 (base 5) to base 4.
1100031130
154bc74 (base 15) to base 14
2099222
Convert -4505215 (base 6) to base 5.
-24223132
Convert -5b493 (base 14) to base 9.
-370124
What is -1011011001111011011010 (base 2) in base 15?
-3e0ce1
Convert -111120201110011 (base 3) to base 6.
-414413221
-264a8 (base 14) to base 9
-153227
-113381 (base 10) to base 13
-3c7b8
What is -3341231 (base 6) in base 2?
-101001001101010011
Convert -4cee1 (base 15) to base 2.
-111100001001011001
Convert -104230 (base 8) to base 2.
-1000100010011000
What is 11b47bc (base 13) in base 12?
1a239bb
3a941 (base 13) to base 11
75078
What is -37c0a4 (base 14) in base 15?
-27c821
111020022 (base 4) to base 2
10101001000001010
38009 (base 11) to base 9
82774
What is 4c80a6 (base 13) in base 14?
36085a
-1027135 (base 8) to base 2
-1000010111001011101
Convert 750aa1 (base 14) to base 6.
220504245
Convert -15411061 (base 7) to base 9.
-2707577
100101110101111100100 (base 2) to base 14
243ca0
What is 572c (base 16) in base 8?
53454
Convert -102124334 (base 5) to base 16.
-6835c
Convert -1022996 (base 10) to base 14.
-1c8b52
-180972 (base 10) to base 2
-101100001011101100
1171503 (base 10) to base 6
41035343
-1bc118c (base 14) to base 11
-7940592
Convert 100110110010101101011110 (base 2) to base 14.
14c9d82
Convert -43a30 (base 13) to base 7.
-1020221
4430022 (base 5) to base 16
12c57
Convert 62480 (base 10) to base 5.
3444410
Convert 222013232131 (base 4) to base 2.
101010000111101110011101
What is 140157 (base 9) in base 11?
59200
Convert 32112032212 (base 4) to base 7.
43653124
What is b0cd (base 14) in base 13?
10a8a
Convert 8d4bb (base 16) to base 12.
23ab0b
23d93 (base 16) to base 2
100011110110010011
9d84 (base 15) to base 11
23126
53043152 (base 6) to base 10
1545548
Convert 4d7b9 (base 16) to base 6.
10445145
Convert -6bda2 (base 14) to base 6.
-5351150
What is 374839 (base 12) in base 10?
899757
Convert 2120204022 (base 5) to base 8.
21006557
What is -232430205 (base 7) in base 14?
-1c87075
What is -782701 (base 9) in base 5?
-104432412
What is 10111101100111001 (base 2) in base 13?
3525a
Convert 7aaa0 (base 16) to base 9.
845177
What is -21201222121220 (base 3) in base 15?
-563c19
3322301 (base 6) to base 13
5a9a3
Convert 2694c8 (base 14) to base 4.
11011021120
-33335221 (base 7) to base 3
-12102110202211
What is -74048 (base 13) in base 14?
-56127
Convert -5bb4 (base 16) to base 5.
-1222401
Convert 46277 (base 15) to base 10.
223312
-11343342 (base 5) to base 8
-317161
What is 25317 (base 14) in base 8?
262031
Convert 1050143 (base 6) to base 10.
53199
-410100112 (base 5) to base 7
-16654240
-1542500 (base 9) to base 15
-11d413
What is 4020024 (base 5) in base 16?
f914
What is 43505322 (base 6) in base 10?
1299794
Convert -11bd6 (base 14) to base 2.
-1010100111110000
What is 1001011010001001111 (base 2) in base 6?
10335155
Convert -20123313 (base 5) to base 4.
-213110323
32112432 (base 5) to base 3
111201000110
Convert 30173a (base 16) to base 5.
1301323144
What is 130222011120 (base 4) in base 11?
4271202
Convert -64342 (base 8) to base 2.
-110100011100010
-48edf5 (base 16) to base 5
-2210421014
What is 13662b5 (base 14) in base 8?
43644667
Convert -2220200100 (base 3) to base 7.
-326136
-107cd9 (base 15) to base 5
-200122104
Convert -240436101 (base 7) to base 15.
-1494d93
What is 5362b (base 13) in base 4?
210232233
-307c13 (base 13) to base 10
-1131302
-5fc7f 